3 - 5*r**2 - 1. Give a(o).
-1
Suppose 3*z - 45 = -5*b - z, 4*b - 3*z = 5. Let g(i) = i**3 - 6*i**2 + 6*i - 2. Determine g(b).
3
Suppose 15 = 3*w, 0*t + 5*t = -w - 475. Let o be t/(-42) + (-4)/14. Let p(y) = y**3 + 2*y - 3. What is p(o)?
9
Let r = 5 - -1. Let u(v) = -15*v + 1. Let a(f) = 7*f - 1. Let h be (1 - 0)/(3/(-18)). Let q(d) = h*u(d) - 13*a(d). Calculate q(r).
1
Let j = 66 - 67. Let q(t) = t + 1. Determine q(j).
0
Let z(c) = -4*c - 57. Let o be z(-14). Let s(b) = -6*b**3 - b**2 - b. What is s(o)?
6
Let y(x) = 7 + 5*x**2 + 7*x - 6*x - 6*x**2 + x. Suppose 5*k - 33 = 4*w, 0*w - 26 = -4*k + 3*w. Give y(k).
-8
Let a(p) = 2*p + 1. Suppose -15 = 5*u - 50. Let o(m) = m**2 - 6*m + 6. Let l be o(5). Suppose -2*v + l = -u. Determine a(v).
9
Let w(d) = -8*d + 3. Let q(a) = -7*a + 2. Let b(j) = -6*q(j) + 5*w(j). What is b(-6)?
-9
Let x(g) = 5*g. Let i = 18 - 8. Suppose -h + 4*t + i = -3*h, 5*h - 5*t = 20. What is x(h)?
5
Suppose -5*p + 10 = -0. Let z(n) = -5*n + p*n - 2 + n. Suppose -5*h - 3*k - 30 = 0, -2*k - 40 = 5*h + 3*k. What is z(h)?
4
Let y(s) = -s**3 + 5*s - 9. Let o(h) = h**2 - h + 1. Let v(x) = 4*o(x) + y(x). Suppose r + 13 = 22. Let k = 13 - r. Determine v(k).
-1
Suppose 0*o - 2*o + 2 = 0. Let w(q) = 4*q + o - 5*q - 2*q. Let a be w(2). Let t(g) = g + 10. What is t(a)?
5
Let i(j) = -j + 7. Let f be i(5). Suppose f*x = -x + 15. Let s(d) = 9*d**2 + 4*d + 2*d - x*d + 1. Calculate s(-1).
9
Suppose 4*l + 7 - 2 = -5*g, 5*g = 4*l + 35. Let c(i) = -i. Let r(j) = 7*j - 1. Let t(d) = 4*c(d) + r(d). What is t(g)?
8
Let x(j) be the third derivative of j**6/60 - j**5/20 + j**4/24 + j**3/6 + 2*j**2. Calculate x(2).
7
Let p(x) = -3*x**2 + 3*x + 4 + 2*x**3 + 4*x**3 - 5*x**3 - 2*x**3. Suppose 2*w + 3*w + 15 = 0. Give p(w).
-5
Let c(s) be the second derivative of -s**5/30 + s**4/24 + s**3/6 + 5*s. Let g(a) be the second derivative of c(a). Give g(-2).
9
Let x(b) = b**2 + 6*b - 1. Suppose 0*t + 10 = -2*t. Calculate x(t).
-6
Let v(u) = u - 23. Suppose 5*y + 22 = -3*h - 3, h + 5*y = -25. Give v(h).
-23
Let u(c) be the third derivative of -3*c**2 + 0*c - 1/24*c**4 - 5/6*c**3 + 0. Give u(5).
-10
Let g(k) be the third derivative of 11*k**6/120 + k**5/60 + k**4/24 + k**3/6 + 2*k**2. Suppose r - 8 + 1 = 2*j, -j = -5*r + 26. Calculate g(j).
-10
Let n(x) = x - 1. Let z(j) = 12 + 3*j + 0*j - 4*j. Let u be z(9). Let p be (1/u)/(2/24). Determine n(p).
3
Let z = 10 + -4. Suppose 4*q = z*q. Let b(i) = q - 3 - i + 0*i. What is b(0)?
-3
Let h be -16*(-4)/((-8)/(-3)). Let l be 24/40 + h/10. Let s(k) = -k**3 + 5*k**2 - 5*k + 4. What is s(l)?
7
Suppose 0 = -3*c - 1 + 10. Let j(q) = q + 4*q**2 + 1 - q**3 - 2 - 2*q. Calculate j(c).
5
Let x = 5 - 1. Suppose -x*g + 2*g + 4*p + 20 = 0, -2 = -5*g - 2*p. Let o(r) = -r + 2*r + g*r. Give o(1).
3
Let l(o) = -o**2 - 4*o + 7. Suppose 0 = 5*b - 3*y + 12 + 3, 6 = -2*b + 2*y. Let r = -3 + b. Give l(r).
-5
Let l(j) = 5*j - 1. Let y be (-12)/(-8) + 9/(-2). Calculate l(y).
-16
Suppose -7 = -2*m + 5. Let d(v) = v**3 - 6*v**2 - v + 6. Determine d(m).
0
Let j(g) = -g - 1. Suppose -3*w + 4*w + 5*a + 18 = 0, 4*w + 2*a = 0. Suppose -4*b + 2*b - 29 = -5*s, -4*s + w*b + 24 = 0. What is j(s)?
-6
Let l(u) = -u**2 + 4*u - 4. Suppose 2*g = -5*a + 10, 2*g + g = -15. Calculate l(a).
-4
Suppose 5*m - 12 = 2*m. Suppose -2*x - 10 = -2*f, -5*f - m*x = -0*f + 20. Let k be 0/((-2 - f) + 0). Let h(a) = -a**3 + a - 7. Calculate h(k).
-7
Let x(w) be the first derivative of -w**4/4 - 5*w**3/3 + 7*w**2/2 + 8*w + 33. Determine x(-6).
2
Let i(q) = -q + 5. Let b be i(3). Let f(u) = 3*u**b - 18 - 2*u**2 - u + 18. Calculate f(3).
6
Let g(l) = -13*l**3 - l**2 - l + 1. Let b = 3 - 2. Give g(b).
-14
Let d be 32/6*6/4. Let r(c) = 18*c - 9*c + 5 - d*c. What is r(0)?
5
Let o(x) = -2*x - 2*x - 76 + 75. Calculate o(-1).
3
Let c be -2*(-3 + 2)*1. Suppose -c*s + 4*s = -18. Let n = 8 + s. Let b(d) = 2*d. Give b(n).
-2
Let x(v) be the first derivative of -v**4/4 - 5*v**3/3 + 7*v**2/2 - 6*v + 3. Calculate x(-6).
-12
Let p(f) = 1 + 5*f**3 + f - f - 4*f**3. Suppose 0 = -3*s - 0*s + 4*v + 1, 4*v = 2*s + 2. Suppose -2*d + 1 = s. Determine p(d).
0
Let k(w) = -w**2 + 2*w - 1. Suppose -8 = -2*n + 5*o, o + 13 - 1 = 3*n. What is k(n)?
-9
Let f(q) = -5*q - 20. Let d(p) = -2*p - 7. Let m(r) = -11*d(r) + 4*f(r). Determine m(2).
1
Let h(q) = -q**3 + 2*q**2 + q. Suppose 4*a + 0*a = -z - 9, 5*z - 1 = 3*a. Determine h(z).
2
Let m = 0 + 6. Let j(r) = -r**3 - 13*r**2 - 4*r - 11. Let o(y) = -6*y**2 - 2*y - 5. Let c(s) = m*j(s) - 13*o(s). Let t be 0/3 + 0 + 1. What is c(t)?
-5
Let q(j) = 4*j**3 - 3*j**2 - j - 2. Let m(y) = -y**3 + y. Let n(s) = -5*m(s) - q(s). Let c be 3*-1 - (-2)/(-2). Give n(c).
2
Let w(i) = i - 4. Let c be 6 + (0 + -2 - 0). Let s = 6 - c. Let a be 3 - s/(-4)*2. Determine w(a).
0
Let y(o) be the third derivative of -o**5/60 - o**4/8 + o**3/6 - 6*o**2. Give y(-3).
1
Let j = -192 - -199. Let s(h) = -h**3 + 6*h**2 + 6*h + 1. Give s(j).
-6
Let a(n) = n + 9. Let r(v) = -4*v - 36. Let l(x) = 9*a(x) + 2*r(x). Give l(-8).
1
Let b(t) be the second derivative of 4*t - 1/3*t**3 + 7/2*t**2 + 1/20*t**5 - 5/12*t**4 + 0. Determine b(5).
-3
Let p(r) = r**2 + 5*r + 1. Let y be p(-5). Let v(c) = 7*c + 2. Let f(g) = -g. Let b(n) = y*v(n) + 6*f(n). Determine b(5).
7
Let x(i) = -i**3 - 3*i**2 + i. Suppose -2*h - 24 = 4*o, -3*h = 3*o - 1 + 25. Give x(h).
12
Let p(o) be the second derivative of o**4/12 - 2*o**3/3 + o**2/2 + 5*o + 2. Calculate p(5).
6
Let z(n) = 7 + 1 - 3*n - 12. Calculate z(4).
-16
Let t be 6/(-4)*48/36. Let f(y) be the second derivative of -y**4/12 + y**3/2 + y**2/2 - 5*y. Calculate f(t).
-9
Let f(g) be the third derivative of 0 + 0*g**4 + 1/60*g**5 - 1/1680*g**7 - g**2 + 0*g**3 + 0*g + 0*g**6. Let t(y) be the third derivative of f(y). What is t(1)?
-3
Let r = -4 + 12. Suppose p + r = 2*m, -2*p - 4 = -0*m + 2*m. Let w(j) = j - 4*j + 2 + m*j. Give w(-5).
7
Let u(d) = 3*d**2 - d - 5. Let i(v) = -4*v**2 + 5. Let o(y) = -2*i(y) - 3*u(y). What is o(5)?
-5
Suppose -12 = -2*s - 6. Let o(r) be the first derivative of -1 + 3/2*r**2 - 1/3*r**s + r. Calculate o(4).
-3
Let c(y) = -y**2 + 2*y + 1. Suppose 2*l = -6, 4*w - 6*l - 5 = -3*l. Determine c(w).
-2
Let f(s) = -4*s - 4. Let o(b) = 3*b + 3. Let c(d) = 5*f(d) + 7*o(d). Give c(4).
5
Let y(q) = -2*q**2 - 522*q**3 - q**2 - 1 + 523*q**3. What is y(4)?
15
Let a be (-1)/2 + 24/16 - 7. Let c(d) = -6*d + 19. Let k(s) = -s + 12. Let n(w) = 13. Let v(b) = -3*k(b) + 2*n(b). Let z(y) = a*c(y) - 11*v(y). Calculate z(3).
5
Suppose 3*g + 8 = 7*g. Let f(d) = g*d**2 - 2*d**2 - 1 + 0*d + d**2 - d. Determine f(0).
-1
Let i(j) = -j**2 + j + 1. Let q be i(0). Let m(h) = -3*h**3 + h**2 - 2*h + 1. What is m(q)?
-3
Let u(p) be the third derivative of -p**6/120 - p**5/20 + p**4/6 - 5*p**3/6 + 27*p**2. What is u(-4)?
-5
Let w(f) be the first derivative of f**4/2 + f**2/2 - f + 17. Give w(1).
2
Let a(j) = -j - 4. Let k be a(-5). Let p(s) = -s - 1. Let n(r) = 2*r**2 + 5*r + 3. Let w(t) = -n(t) - 4*p(t). Give w(k).
-2
Let u(k) be the third derivative of -k**5/60 + k**4/6 + 2*k**3/3 + 4*k**2 + 5*k. Give u(4).
4
Let s(r) = 2*r**2 + 1. Let c(d) = d**3 - 4*d**2 - d + 4. Let j be c(4). Suppose 2*x = -6*m + m + 2, j = 2*x + 4*m - 2. Give s(x).
3
Let y = 2 - 1. Suppose 0 = -0*k + 2*k - 5*d - 9, 5*k + 2*d - 8 = 0. Let t(n) = 4*n**3 - 1 - 23*n**2 - n + k + 24*n**2. What is t(y)?
5
Let h(k) = -3*k - 4. Suppose -14 = -2*n - 6. Let l(c) = 2*c + 4. Let s(q) = n*l(q) + 3*h(q). Calculate s(6).
-2
Let m(o) = o - 9. Let s be m(9). Let k be 8/(-6)*3/(-2). Let c(t) = -3 - k*t + 0 + t. Give c(s).
-3
Let d be (-1)/(-3 + (-60)/(-21)). Let w(t) = t**3 - 6*t**2 - 6*t - 2. Give w(d).
5
Let w(h) be the second derivative of -h**5/20 + 5*h**4/12 + 2*h**3/3 + 4*h**2 + 8*h. Determine w(6).
-4
Let y(h) = -h**3 + h - 4. Let m = -4 - -4. Suppose 2*s + 0*s = m. What is y(s)?
-4
Let w(m) be the third derivative of -m**6/120 - m**5/12 - m**4/24 + m**3/3 - 5*m**2. What is w(-2)?
-8
Let a = -2/51 - -97/2040. Let y(p) be the third derivative of -1/15*p**5 + a*p**6 + 0*p + 0 + 2/3*p**3 + 2*p**2 + 0*p**4. Calculate y(4).
4
Let u = -14 - -8. Let p(l) = 2*l + 28 + 6*l - 55 + 25 + l**2 - 3*l. Give p(u).
4
Suppose 4*l - d + 14 = 0, 5*d = -0*l - 2*l + 4. Let o(x) = -x**2 + 3*x. Let i(c) = c + 4*c**2 + 0*c - 9*c. Let j(p